ors of n(5)?
3, 179
Let f(t) = 43*t**2 + 5*t + 66196. What are the prime factors of f(0)?
2, 13, 19, 67
Let g(t) = 426*t - 2571. List the prime factors of g(24).
3, 2551
List the prime factors of 9971 + -342 - (-1)/(-1).
2, 29, 83
Suppose 3400 = 2*k + i, -11*k = -7*k - i - 6782. List the prime factors of k.
1697
Let b(x) = 2*x**3 - 21*x**2 + 28*x + 6. Let u = 272 + -259. What are the prime factors of b(u)?
3, 5
Suppose 0 = -319*j + 256*j + 839664. What are the prime factors of j?
2, 7, 17
Let l(s) = 5914*s**2 - 169*s - 698. List the prime factors of l(-4).
2, 3, 15767
Let b(n) = n**3 + 21*n**2 + 21*n + 23. Let d(k) = -k**2 + 5. Let w be d(-5). Let f be b(w). Suppose 0 = q - f*q + 86. What are the prime factors of q?
43
Let n be (2 - 376/(-12))*5664/20. Suppose 43*b - n = 11*b. What are the prime factors of b?
5, 59
Let t(l) = -5*l**2 - 10*l**2 + 17*l + 21*l**2 - 10*l - 187. List the prime factors of t(-17).
2, 3, 7, 17
Let s(v) = v**3 - 3*v**2 + 8*v - 44. Let u be s(4). Suppose 0 = -5*f + 10, -f - 2323 = -u*c - c. What are the prime factors of c?
3, 5, 31
Let c(x) = -x**2 - 4*x + 1. Let h be c(7). List the prime factors of (-10)/(-8) - 63897/h.
2, 421
Suppose 5*r - 8 = h, -5*r = -2*h + 12 - 23. What are the prime factors of 7/(105/h) + (-12804)/(-20)?
2, 5
Let g = 309 + -224. Let r = g + -65. List the prime factors of r.
2, 5
Suppose -2*g = 29 - 21, -3*g = 4*r - 150564. What are the prime factors of r?
2, 3, 3137
Let t(b) = b**3 + 17*b**2 + 9*b + 35. Let g be t(-15). Suppose -7*a + 2*a = -g. List the prime factors of a.
2, 5, 7
Suppose -6*v + 4*v - 68 = 0. Let o be (-4)/v + 1/34*30. List the prime factors of (4/(-2) - (-158 + o)) + -4.
151
Suppose -5*g - 106 = -4*h + 30, 4*h - 112 = 4*g. Let v be (-3)/(-2) - 9516/g. Suppose 323 = 4*m + 3*i, 2*i + v = 7*m - 2*m. List the prime factors of m.
2, 5
Let x = 97460 - 44530. List the prime factors of x.
2, 5, 67, 79
Suppose -193 + 139 = -27*g. Let a be (-4)/2 + 4 + 0. Suppose 0 = -3*s + d + 260, 179 = a*s + g*d - 5. List the prime factors of s.
2, 11
Suppose 4*p + 205 = 5*r, -4*r + 2 = -2. Let t = 49 + p. List the prime factors of 22 + (-3)/t + -3.
2, 11
Let n(j) = 2*j**3 + 2*j**2 + j + 10. Let h be n(4). Let l = h + -136. List the prime factors of l.
2, 19
Suppose -10*c + 30 = 5*c. Suppose 6*q - 920 = c*q. What are the prime factors of q?
2, 5, 23
Suppose 0 = -16*x + 1929 + 359. Suppose 141*h - x*h = -498. List the prime factors of h.
3, 83
Let m(r) = 3*r + 137. Let s be m(-45). Let p(a) = 257*a + 8. What are the prime factors of p(s)?
2, 3, 29
Let p(v) = 3662*v - 3340. What are the prime factors of p(4)?
2, 11, 257
Let w(m) be the first derivative of m**4/4 + 3*m**3 - 4*m**2 - 3*m + 12. Let t be w(-11). Let s = t + 266. What are the prime factors of s?
109
Let d(r) = 7*r - 7. Let i be d(-4). Let a = i + 39. Suppose -a*l + 20 = 0, -4*l = h - 29 - 76. What are the prime factors of h?
5, 17
Let h(g) = 2*g**2 + 9*g - 26. Let c be h(2). Suppose 0 = -3*k - 2*t - t + 150, -5*t = k - 38. Suppose w - 4*p = k, c*p = p. List the prime factors of w.
53
Let v(l) = 15*l**3 - 304*l**2 - 21*l - 5. List the prime factors of v(21).
5, 881
Suppose 0 = -6*r - 415 + 1489. What are the prime factors of r?
179
Let g = 16 - 22. Let y be 2/4 + (-897)/g. Suppose -z = -v - 22 - 18, -5*z - 5*v + y = 0. List the prime factors of z.
5, 7
Let u be ((45/(-6))/5)/((-4)/24). Suppose -4*w = -u*w - 5*y - 5, -4*w + 4*y + 4 = 0. What are the prime factors of (w + (-93)/((-3)/(-1)))/(-1)?
31
Suppose 0 = -30*k - 55819 + 115175 + 119744. List the prime factors of k.
2, 3, 5, 199
Let a(f) = 17*f + 13. Let y(w) = 21*w + 12. Let n(z) = 41*z + 24. Let q(m) = 4*n(m) - 7*y(m). Let h(s) = -4*a(s) + 5*q(s). List the prime factors of h(3).
59
Suppose 11*l = 9*l - 14. List the prime factors of 16163/35 + l/(-35).
2, 3, 7, 11
Let s be 1/6 + 1000331/114. Suppose -419*a = -410*a - s. What are the prime factors of a?
3, 5, 13
Suppose -c + 3*c = -3*y + 35, 5 = -y. Suppose 214 = c*t - 24*t. What are the prime factors of t?
2, 107
Suppose -30 = -l + w, 9*l - 3*w - 64 = 7*l. Let p(s) = s**3 - 25*s**2 + 42. What are the prime factors of p(l)?
2, 359
Suppose -4*l = -5*l - 59. Suppose -5*p = 2*x - 242, 0*x - 214 = -2*x + 2*p. Let d = x + l. What are the prime factors of d?
2, 13
What are the prime factors of 46/3*1*471/314?
23
Suppose 0*c - 10 = 10*c. Let s be 5/(c - 4*21/(-81)). Let t = s - 55. List the prime factors of t.
2, 5
Suppose 4 = -12*v + 28. Suppose -v*q = -388 - 314. List the prime factors of q.
3, 13
Suppose -6*k + 99 = 3*k. Suppose -k*v + 7*v = 16, 2*q - 272 = -3*v. List the prime factors of q.
2, 71
Suppose -49*u = -47*u. Suppose d + 1 - 5 = u. Suppose -6*b + 458 = -d*b - o, 0 = -2*o. List the prime factors of b.
229
Let p(v) = -v**2 - 400*v - 3128. What are the prime factors of p(-153)?
17, 2039
Suppose -z - 18 = -5*z - 3*t, 3*z - 3*t - 3 = 0. Suppose 0 = -2*b + 82 + 16. Suppose z*p = b + 221. What are the prime factors of p?
2, 3, 5
Let h = 21 + -19. Let d(x) = -12 - 4*x**h + 12*x + 0 + 7*x**2. What are the prime factors of d(-8)?
2, 3, 7
Let b(l) = -l**3 - 17*l**2 + 140*l - 48. List the prime factors of b(-35).
2, 17, 503
Suppose 57*t - 44*t + 39 = 0. Let r(h) = 52*h**2 - 48*h - 133. What are the prime factors of r(t)?
479
Suppose 5*q - 6*q + 1808 = 4*z, 4*q = -5*z + 7232. Suppose -17*f + q = 40. What are the prime factors of f?
2, 13
Let p(u) = u**2 + 11*u + 24. Let w be (19 - 6)/((-1)/(-3) + 0). Suppose 3*q - 3*g - w = -108, -3*q = -5*g + 79. What are the prime factors of p(q)?
2, 3, 5
Suppose 0 = 12*b - 49 - 131. Let x(a) = -8 + b*a + a - 9*a + 4*a + 9*a**2. What are the prime factors of x(4)?
2, 3, 5
Let h be (-2)/((-2)/(-117)*-3). Let u(f) = -16*f - 610. Let w be u(-39). Let l = w + h. What are the prime factors of l?
53
Suppose 4*k = -5*h + 82, 0 = 3*h + k - 1 - 51. Suppose 0 = t + 5*t - h. Suppose 5*n - 911 = -3*q, 5*n + q = t*q + 926. List the prime factors of n.
2, 23
Let j(s) = 7*s**2 + 39*s - 186. What are the prime factors of j(33)?
2, 3, 727
Let g(h) = -187*h - 166. Let r be g(4). List the prime factors of (-5)/1 + 13 - r.
2, 461
Let v = -4467 - -7129. Suppose -1347 = -3*q + l, -3*l = 5*q + 417 - v. List the prime factors of q.
449
Suppose 0 = -2*y + 2*x + 13756, y + 34*x - 6888 = 33*x. List the prime factors of y.
6883
Let l = -6040 + 9708. What are the prime factors of l?
2, 7, 131
Let o be ((1568/(-35))/7)/((-6)/435). Let m = -61 + o. What are the prime factors of m?
13, 31
Suppose 157*a - 431450 = 478993. List the prime factors of a.
3, 1933
Let b(f) = -45*f - 7. Let p be b(-6). Suppose -2*a = -k + p - 8, -5*a - 5*k - 630 = 0. List the prime factors of (8 - 7) + (0 - a).
2
Let m(t) = 64*t**3 - 1 + 3*t**2 - 3*t**3 + 88*t**3 + 3*t. Let h(g) = 74*g**3 + 2*g**2 + 2*g - 1. Let y(l) = -5*h(l) + 3*m(l). List the prime factors of y(1).
7, 11
Let x(l) = 2*l**2 - 13*l + 66. Let d(j) = -16*j**3 + j**2 + 2*j + 2. Let b be d(-1). List the prime factors of x(b).
3, 47
Let u be (164/(-3))/(-4)*(-5 - -8). Suppose m - u = 170. List the prime factors of m.
211
Let v = 203 - 215. What are the prime factors of (-2 - (-28)/6)*(-1125)/v?
2, 5
Let c(p) be the third derivative of 3*p**4/4 - 5*p**3/6 - p**2 - 40*p. Let u be (-3)/(-2)*16/6. List the prime factors of c(u).
67
Let u be (-315)/(-7) + -7 + (-2 - -3). Suppose -2*f + 387 = t + u, -t = 3*f - 343. What are the prime factors of t?
2, 179
Let o(g) = -785*g + 65. Let x be o(5). Let k = -2590 - x. List the prime factors of k.
2, 5, 127
Let u(s) = -s**2 + 11*s - 25. Let a be u(7). Suppose -4*v + 8*b = a*b - 2586, 3*b + 6 = 0. What are the prime factors of v?
2, 7, 23
Let u(w) = 4*w**3 - 18*w**2 + 165*w - 1941. What are the prime factors of u(16)?
5, 499
Let p(h) = -1513*h + 500. What are the prime factors of p(-4)?
2, 3, 7, 13
Let l be 226/46 + 6/69. Suppose -l*d - 5*c + 6385 = 0, -c - 10 = -8. What are the prime factors of d?
1279
Suppose -8*z + 2071 = 11*z. Let y = 7 + z. What are the prime factors of y?
2, 29
Let m = 438 + -428. List the prime factors of 110331/410 - 1/m.
269
Let h(u) = 6*u**2 + 6*u + 2. Let s be h(-5). Suppose 2*a + 71*x - 72*x = -224, 3*a = -2*x - 322. Let l = s + a. What are the prime factors of l?
2, 3
Let m be (-9)/(-6)*-2*(-28)/3. Let t = m - 31. List the prime facto